lculate the highest common factor of x and 8.
8
Suppose 2*i = -0*i + 418. Let r be (-76)/(-19) + 76/2. Let j = 61 - r. What is the greatest common divisor of i and j?
19
Let i be 83*20 - (0/(-4))/(-15). What is the highest common divisor of i and 83?
83
Let d be 524 - ((-7 - -7) + -5). What is the greatest common divisor of d and 46?
23
Let b(w) = 7*w**2 + 20*w + 36. Let l be b(-2). What is the highest common factor of 30 and l?
6
Let p = 754 + -626. Calculate the greatest common divisor of p and 32.
32
Let m(x) = -14*x - 7. Let n be m(-5). Suppose 2*c - 92 = -3*y - 11, 4*c + y - 167 = 0. What is the greatest common divisor of c and n?
21
Let a be (-3)/6*-6 + 6. Calculate the highest common divisor of a and 99.
9
Let l = -85 + 162. Let r be (-28)/(-3 + 7)*-1. Suppose 0 = -3*w + 3*z + 33, z = -w + 4 + r. Calculate the greatest common divisor of w and l.
11
Let h be (2*1/(-2))/((-6)/(-150)). Let p be 15/(-25) + (-740)/h. Calculate the highest common factor of p and 145.
29
Suppose 5*i = 18 + 37. Suppose -i*p = -15*p + 32. Suppose 48 = b - 8. Calculate the greatest common divisor of p and b.
8
Suppose 2*j + 88 = 2*f + 4*j, 0 = 3*f + j - 136. What is the greatest common factor of f and 414?
46
Let w(d) = -3*d**3 + d**2 - 8*d - 9. Suppose 2*j = -5*v - 0 - 3, 0 = -5*j - 3*v - 17. Let b be w(j). Calculate the highest common factor of b and 21.
21
Let f(g) = -g**3 + 9*g**2 + 8*g + 20. Let d be f(10). Suppose d = 4*w - w - 60. Calculate the greatest common divisor of 20 and w.
20
Let y(o) = o**3 - 2*o**2 - 4. Let k be y(3). Suppose 2*u = 2*s - 416, -186 - 244 = -2*s - k*u. What is the greatest common factor of s and 30?
30
Suppose 2*b + 17 = a, 0 = -2*a + 2*b - b + 37. Let f = 20 - a. Calculate the highest common divisor of f and 9.
1
Let k(y) = -y - 11. Let a be k(-10). Let g be (10 + -1 - a - -1)/1. Suppose -2*b + 88 = -b. What is the highest common divisor of b and g?
11
Let l = -592 - -739. What is the highest common divisor of 42 and l?
21
Suppose -z = 27*z - 1232. Calculate the highest common divisor of 32 and z.
4
Let m = 32 + -28. Let j be 12/4 + 12/m. Let b(n) = n**2 - 2. Let u be b(2). What is the greatest common factor of j and u?
2
Let m(s) be the third derivative of -5*s**4/12 + 8*s**3/3 - 10*s**2. Let w be m(-16). Suppose -4*b - b + 80 = 0. What is the greatest common factor of w and b?
16
Suppose 138*u - 132*u - 60 = 0. Let c(l) = l - 5. Let v be c(5). Let y be (-1 + v - -28) + -2. Calculate the highest common divisor of u and y.
5
Let a = 4 + -1. Let x be (-1178)/(-14) - -1 - (-13)/(-91). Let d be (-1)/(x/(-28) + a). Calculate the greatest common factor of 4 and d.
4
Let v be 333*-5*(-6)/90. Suppose 2*o = 3*f - 6*f + 157, 0 = -3*f + 9. Calculate the highest common factor of v and o.
37
Suppose -181 = 5*z + 244. Let r be 7 + -6 - (-2 + z). Calculate the greatest common factor of 22 and r.
22
Let z = 77 + 3. What is the greatest common factor of z and 32?
16
Let s = 266 - 129. Suppose -2*o - 3*x + 121 = 0, -5*o + 4*x - s = -474. Calculate the greatest common divisor of 13 and o.
13
Let l be -296*12/66 + 2/(-11). Let z be 18/(-4)*1116/l. Suppose h = -5, 0*i + 2*h - 52 = -2*i. Calculate the greatest common factor of z and i.
31
Let x(j) = j**2 - 25*j + 117. Let r be x(27). Calculate the highest common divisor of r and 133.
19
Suppose 0 = 5*k - 39 - 11. Let i be (9 + -7)/(4/k). Let v be (i - 2 - 8)*-2. What is the greatest common divisor of v and 4?
2
Let v = 23 + -4. Let l = 27 - v. Suppose 2*r = -0*r + 64. What is the greatest common divisor of r and l?
8
Let t = -727 - -759. Calculate the highest common factor of t and 12.
4
Suppose 4*x + 190 = -2*r - x, -492 = 5*r + 4*x. Let u = 175 + r. Calculate the greatest common factor of 60 and u.
15
Let b = -266 + 267. What is the highest common divisor of 19 and b?
1
Suppose 0 = -3*b - 1 + 4. Let r(u) = u + 6. Let a be r(-2). Suppose a*z - 3*j = 8, 2*z + 5*j = -2*z + 8. Calculate the greatest common divisor of z and b.
1
Suppose 4*o - h - 55 = 0, -17 = -2*o - h - 2*h. Calculate the greatest common divisor of o and 754.
13
Suppose 5*l + 4*t + 14 = 2*l, 0 = 2*l - 3*t - 19. Suppose -4 - 15 = -l*r + 5*p, -2*p + 91 = 5*r. Calculate the greatest common factor of 51 and r.
17
Let a = -1035 + 1360. Calculate the highest common divisor of a and 75.
25
Let f = -1062 - -1638. What is the highest common factor of f and 36?
36
Let q be 4 + (4 - 10 - -58). Calculate the greatest common divisor of q and 56.
56
Suppose 5*s - s = 32. Let o(l) = 5 - l**2 + 9 + 0*l - s*l. Let q be o(-9). What is the greatest common divisor of q and 15?
5
Let t = -16 - -40. Let x be 1 + 1 + 0 - (-1 - 21). Calculate the highest common divisor of t and x.
24
Let r = 39 + -28. Let u = 2 + 3. Suppose 0*w - u*w = -55. Calculate the greatest common factor of w and r.
11
Suppose -5*f - 15 = 0, 37*n - 41*n = 3*f - 339. Calculate the greatest common divisor of n and 1.
1
Let l = -1791 + 2007. What is the greatest common factor of l and 756?
108
Suppose 2170 - 154 = 14*j. What is the greatest common factor of 360 and j?
72
Suppose 2*f - 137 = -3*a + 39, 5*f = a + 423. What is the highest common divisor of f and 153?
17
Let n(t) = 11*t + 743. Let j be n(-67). Let a = -20 - -35. What is the highest common factor of j and a?
3
Let r = -554 - -796. Calculate the greatest common divisor of 22 and r.
22
Let b(n) = n**2 - 6*n - 9. Let d be b(6). Let q be 2442/54 + 2*1/d. Calculate the highest common factor of q and 15.
15
Let d = 16 + -35. Let g = 35 + d. Let m be 8/3*84/g. Calculate the highest common factor of m and 42.
14
Let m = 16 - 14. Suppose 5*o - o = -16, -m*f = 5*o - 28. Calculate the greatest common factor of f and 36.
12
Suppose -4*h + 380 = -0*q + 4*q, 2*h = 8. Let t = -58 + q. Calculate the highest common divisor of 3 and t.
3
Let v = 25 - 23. Let c = 14 - v. Suppose -4*z - 16 = 0, -5*j + 3*z = -2*z - 40. Calculate the highest common divisor of j and c.
4
Suppose 751*k = 749*k + 32. What is the greatest common divisor of 24 and k?
8
Suppose -19 = -3*b - 4*d + 2*d, 2*b - 5*d = 0. Let f be ((-110)/(-44))/(-2 + 10/4). What is the greatest common divisor of f and b?
5
Let z(q) = 8*q + 18. Let m(d) = 7*d + 17. Let w(x) = 5*m(x) - 4*z(x). Let t be w(6). Let a be 249/2 + 6/(-12). What is the greatest common factor of t and a?
31
Suppose -16*p - 323 = -17*p. What is the greatest common divisor of 17 and p?
17
Let t be 95 + (0 - 2) + -7 + 4. What is the greatest common factor of t and 1140?
30
Let s = 22 - 52. Let l = -9 + s. Let r be (-6 + l)*(-4)/6. What is the highest common factor of r and 15?
15
Let v = 610 + -315. Calculate the highest common factor of v and 413.
59
Suppose -4*y - a + 184 = -2*y, -3*y = -a - 266. Suppose 10*q - 5*q - y = 0. What is the greatest common divisor of 12 and q?
6
Let z be 0*(-5 + 3)/(-4). Suppose -x = -0*s - 2*s - 30, -5*x - s + 161 = z. Let j be 10/3*(44/10 - 2). What is the greatest common divisor of j and x?
8
Let y = 34 - -9. Suppose y = -5*i + 3*a + 111, -i + 12 = -a. Calculate the greatest common divisor of i and 32.
16
Let l(t) = t**2 + 5*t + 3. Suppose -v + o + 0*o = 0, -3*v - 3*o = 30. Let p be l(v). Calculate the greatest common divisor of p and 12.
3
Let d(z) = z**2 - 10*z - 67. Let q be d(-6). Let t = 364 + -132. What is the highest common divisor of q and t?
29
Suppose -51*r = -39*r - 864. What is the highest common factor of r and 900?
36
Let d(r) = r**3 + 9*r**2 + 5*r - 2. Let z be d(-4). Let s = -39 + z. Let m be (19/4)/(5/80*4). Calculate the highest common divisor of m and s.
19
Suppose 7*v = 10*v + 12. Let n = v - -8. Let u be (-4)/(-18) - (-322)/9. Calculate the highest common divisor of n and u.
4
Suppose -l = -2*o + 2487, 4*l - 4986 = -4*o + 2*l. Calculate the greatest common divisor of 30 and o.
15
Suppose 5*y = -8*w + 4*w - 92, -5*y = -2*w - 46. Let h = 5 - -19. Let x = h + w. What is the greatest common divisor of 4 and x?
1
Let z be (8/12)/((-4)/18). Let k be (830/30)/((-1)/z). Let n = k + -58. What is the greatest common factor of n and 10?
5
Suppose 387 = -3*t - 3*d, -255 = 3*t - 4*d + 160. Suppose -a - 1036 = -5*a. Let c = t + a. What is the greatest common divisor of c and 18?
18
Suppose 3*u = -13 + 16. Let r be (11/(-11))/(u/(-2)). Calculate the greatest common factor of r an